11262 = 2*n. What is the hundreds digit of n?
6
Let a = 5254 - -2996. What is the units digit of -3 - (a/(-45))/((-3)/(-9))?
7
Let h(f) be the first derivative of -108*f**2 + 8*f - 41. Let u be h(-1). Suppose 5*l - u = 896. What is the tens digit of l?
2
Let j be (-2)/2 + -596*3/6. Let t = j + 543. What is the hundreds digit of t?
2
Let t(k) = 145*k**2 + 16*k - 60. Let g be t(5). Suppose 5*w = -5*s + 6515, 5*s + 3*w - g = 2862. What is the tens digit of s?
9
Let s(w) = 31*w + 1481 - 1385 + 13*w + 15*w. What is the hundreds digit of s(8)?
5
Let s = -72 + 118. Suppose 4*o + s = 10*l - 9*l, -3*l - 4*o = -154. What is the tens digit of l?
5
Let n be (-12)/66 - 312/(-22). Let w be 330/n - 6/(-14). Suppose 5*c - 5*m + w - 159 = 0, 2*m = 4. What is the units digit of c?
9
Let s = 26 - 23. Let z(b) = 0*b - 2 + 3*b**2 + 4*b**2 + 6*b + 0. What is the tens digit of z(s)?
7
Suppose 215538 = 6*c + 3*d, 0 = -3*d - 12 + 6. What is the thousands digit of c?
5
Let d(k) = k**3 + 9*k**2 - k + 19. Let t = -67 - -59. Let b = 2 + t. What is the units digit of d(b)?
3
Suppose j = 124*j - 3024440 - 2347462. What is the hundreds digit of j?
6
Let o(k) = -2*k**3 + 13*k**2 - 7*k + 9. Let t be o(6). Suppose -2*n - 662 = -5*f + 1956, -3*n = -t. What is the tens digit of f?
2
Suppose 0 = -3*g - 3, -3*v + 26 = -2*g - 0*g. Let s = -6 + v. Suppose s*y - 119 = 109. What is the units digit of y?
4
Let m(a) = 8*a - 27. Let z be 3/15 - 5/((-125)/120). Let f(r) = 16*r - 55. Let j(x) = z*m(x) - 3*f(x). What is the hundreds digit of j(-20)?
1
Suppose 0 = 2*s - t - 50450, -11*t = -s - 16*t + 25247. What is the tens digit of s?
2
What is the units digit of 6022 - 483/(-138)*12/(-7)?
6
Let s = 53417 + -28691. What is the ten thousands digit of s?
2
Let d = 69551 + -46328. What is the units digit of d?
3
Let p(c) be the first derivative of 2*c**3/3 - 3*c**2/2 - 7*c + 30. Let x be p(5). What is the units digit of x + -33 - (-1 + -39)?
5
Let j(a) = a**2 - 19*a + 88. Let k be j(8). Suppose k = -7*y + 26*y - 12578. What is the units digit of y?
2
What is the units digit of (-2)/(-14) + 292146/1022?
6
Let b(f) be the third derivative of f**4 - 5*f**3 + 20*f**2. Suppose -3*l + 3*q = -24, -8 = l + 2*l + 5*q. What is the units digit of b(l)?
6
Let f = -68 - -68. Suppose f = -c - 21 - 35. What is the units digit of c/3*(-39)/13?
6
Suppose 0 = -2*m + 18559 - 9911 + 27630. What is the thousands digit of m?
8
Suppose 0 = -103*t + 94*t + 45. Suppose 4*z + 1852 = 3*j, 6*z - 5 = t*z. What is the tens digit of j?
2
Suppose 4*j - 24 = 0, -j + 3146 = r + 755. What is the hundreds digit of r?
3
Let y = 227 - 223. Suppose 4*x - 3*a - 2399 = 0, 1213 = 2*x - a + y*a. What is the units digit of x?
2
Suppose -6*i = -12*i - 3960. What is the tens digit of -21*(-1)/(-3) - i?
5
Suppose 4*f + 96814 = -2*n + 25848, 3*n - 53247 = 3*f. What is the units digit of f/(-28) + (-4)/(-14)?
4
Let w(v) = -77*v**2 + 3769*v + 12. What is the thousands digit of w(36)?
5
Suppose 3*s + 80 = -7. What is the units digit of (-361)/(-3)*(-87)/s?
1
Let v be (-7)/(-28) + (-1)/4 - -11. Let s(p) = p**2 - 28. What is the units digit of s(v)?
3
Suppose 2*t - 134 = -3*g + 3*t, -5*t - 40 = -g. Let i = g + -35. What is the units digit of (4/(-8))/(-1)*i?
5
Let l(r) = 10*r**2 + 2*r + 1. Let f be l(-1). Suppose f*a - 3281 = 13. Let u = a - 233. What is the tens digit of u?
3
Let q(j) = 6*j**3 - 93*j**2 + 42*j + 13. What is the ten thousands digit of q(23)?
2
Let j(o) = -3*o**3 - 8*o - 7. Let k = -242 + 241. What is the units digit of j(k)?
4
Suppose -4*s + 94 = 5*l, 5*l + 3*s - 98 = -0*s. Suppose 25 - l = t. Suppose -t*f = -0*f - 417. What is the hundreds digit of f?
1
Let y(c) = -7 - 4*c + 15*c - 1 + 30. Let o be y(-5). Let f = 78 + o. What is the tens digit of f?
4
Let f(l) = 6*l**2 - 14*l + 22. Let o be f(-15). Suppose -2*q - 492 = -o. What is the units digit of q?
5
Let s = 1262 - -1369. Suppose 0 = -5*f - s + 9621. What is the hundreds digit of f?
3
Let w(i) = -4141*i + 125. What is the thousands digit of w(-4)?
6
Suppose -7777 - 4989 = -13*u. What is the units digit of u?
2
Suppose -5 = 2*j + 1, l + 2*j = 35. Let i = l - -270. What is the tens digit of i?
1
Suppose 37*d - 15983 = 1222. Let s = -301 + d. What is the units digit of s?
4
Let p = -533 + 534. What is the units digit of (-2845)/p*12/(-60)?
9
Suppose -3*i - 2*i - 120 = 0. Suppose -2*y + 225 = 5*q, 116 = 3*q - 0*y + 5*y. Let o = q + i. What is the units digit of o?
3
Let v(a) = 2*a**3 + 13*a + 147. What is the units digit of v(10)?
7
Let f(o) = 2*o**2 + o + 14. Let y be f(9). What is the hundreds digit of (16*y/(-30))/(4/(-12))?
2
Suppose 0 = -6*g + 33 + 9. Let x(t) = 13*t**2 - 11*t + 48. What is the tens digit of x(g)?
0
Suppose 2*x = 5 - 29. Let c(g) = g + 16. Let k be c(x). Suppose -p = -k*s - 33 - 39, -5*p = -3*s - 445. What is the units digit of p?
2
Suppose -6*y + 2652 = -0*y. Let c = -120 + y. What is the units digit of c?
2
Let v(g) = 26*g + 10. Let b = 391 - 386. What is the units digit of v(b)?
0
Let b = -678 - -367. Let o = b + 690. What is the hundreds digit of o?
3
Suppose 4*z = -f - 2568, 11*z - 9*z = 3*f - 1284. Let t = -378 - z. What is the hundreds digit of t?
2
Let x(r) = 10*r + 57. Let c be x(12). Suppose 0 = -4*i + 5*b + 1536, c = i - b - 207. What is the tens digit of i?
8
Suppose 0 = 3*f + 22*f - 200. Suppose 0*w = -f*w + 1904. What is the units digit of w?
8
Let z(k) = 2*k + 12. Let n(s) = 1. Let v(y) = 4*n(y) - z(y). Let o be v(-7). What is the tens digit of (-296)/(-6) - (20/o + -3)?
4
Let w be (1 - 2) + (5 + -8 - 0). Let r(q) = -38*q + 2. Let s be r(w). Suppose 0 = -8*o + s + 598. What is the tens digit of o?
9
Let j(u) = 812*u + 1893. What is the thousands digit of j(29)?
5
Let m(r) = 153*r**2 + r + 3. Let n = 221 - 222. What is the hundreds digit of m(n)?
1
Let a = 32 - 34. Let r be a/8 + 2 + (-28)/16. Suppose -d + 5*q - 2 = -r*q, 2*d - 4*q = 26. What is the units digit of d?
3
Suppose -96*k - 2350 = -101*k + 4*r, 1402 = 3*k - 4*r. What is the hundreds digit of k?
4
Let g = 112 - 160. Let l = g - -269. What is the hundreds digit of l?
2
Let p(o) = -o**3 + 71*o**2 + 22*o - 207. What is the units digit of p(38)?
1
Suppose 16*d - 13*d + 27476 = 4*q, -20600 = -3*q + 4*d. What is the tens digit of q?
7
Suppose 1241040 = 43*o - 245126. What is the hundreds digit of o?
5
Let t(g) = 97*g**2 - 70*g - 1389. What is the hundreds digit of t(-23)?
5
Let k(n) be the second derivative of -3/2*n**3 + 21/2*n**2 + 0 + 3*n. What is the units digit of k(-5)?
6
Suppose -3148 = 205*z - 209*z. Suppose 2*g - 357 = z. What is the units digit of g?
2
Suppose -89*u - 18599 = -215417 - 663545. What is the units digit of u?
7
Suppose -111 = -9*x + 15. Suppose -18*c - x*c = -8448. What is the tens digit of c?
6
Let h(a) be the third derivative of -a**5/60 - 7*a**4/6 + 213*a**2. Suppose 5*r + 63 = -47. What is the tens digit of h(r)?
3
Let q(n) = 3*n + 30. Let y be q(-6). Suppose 20 = -4*m, 3*w - m = m + 34. Let u = w + y. What is the units digit of u?
0
Let a(g) = -30*g**2 + 7. Let l be a(3). Let n = -111 - l. What is the tens digit of n?
5
Let z be 8/(231/(-39) + 6). Let c = 340 - z. What is the hundreds digit of c?
2
Let l be -2 + 3 - (-1542 - 1). Suppose -118 = s - g - 513, 4*s - l = -5*g. Suppose s = 3*w + 124. What is the units digit of w?
9
Suppose -5417 = 7*n - 45226. Suppose -r = c - 1255, -594 - n = -5*c - 2*r. What is the thousands digit of c?
1
What is the hundreds digit of ((14 - 10)*2/8)/((-4)/(-2824))?
7
Let q(o) = 6*o + 33258. What is the hundreds digit of q(0)?
2
Suppose -11149039 = -56*j - 174*j - 81*j. What is the tens digit of j?
4
Let n = 40 - 40. Suppose 3*p - b - 10 = n, -2 = -3*p + 5*b - 0. What is the units digit of p/(-10) + (-292)/(-5)?
8
Let m(i) be the second derivative of -i**5/10 - 17*i**4/12 - i**3/3 + 9*i**2 - i - 1. What is the units digit of m(-12)?
0
Let o(h) = 1367*h**2 + 111*h + 28. What is the thousands digit of o(5)?
4
Suppose -10175*u + 4226 = -10173*u. What is the tens digit of u?
1
Let n be -3*(-1)/12 - 33/(-12). Suppose 5*r = k + 45, n*k + 46 = 2*r - 37. Let s(f) = f**2 + 22*f + 18. What is the units digit of s(k)?
3
Suppose -5*y + 4*b = 965, 3*b + 124 = -5*y - 806. What is the tens digit of (-1)/(4/(5 + y))?
4
Let l be (-1)/1*18/12*-